{"id":110,"date":"2017-11-20T00:59:00","date_gmt":"2017-11-19T23:59:00","guid":{"rendered":"http:\/\/mikrocontroller.bplaced.net\/wordpress\/?page_id=110"},"modified":"2020-11-23T20:29:34","modified_gmt":"2020-11-23T19:29:34","slug":"stm-motherboard","status":"publish","type":"page","link":"https:\/\/mikrocontroller.bplaced.net\/wordpress\/?page_id=110","title":{"rendered":"STM-Motherboard"},"content":{"rendered":"<p><div id=\"nav-below\" class=\"navigation\"><div class=\"nav-previous\"><a href=\"https:\/\/mikrocontroller.bplaced.net\/wordpress\/?page_id=76\" title=\"STM32F4-Discovery-Board\"><span class=\"meta-nav\">\u2190<\/span> STM32F4-Discovery-Board<\/a><\/div><\/div><!-- #nav-below --><div id=\"nav-below\" class=\"navigation\"><div class=\"nav-next\"><a href=\"https:\/\/mikrocontroller.bplaced.net\/wordpress\/?page_id=131\" title=\"Discovery-Board Pinbelegung\">Discovery-Board Pinbelegung <span class=\"meta-nav\">&rarr;<\/span><\/a><\/div><\/div><!-- #nav-below --><\/p>\n<p>Hier zwei Bilder von dem benutzten Motherboard f\u00fcr das STM32F4-Discovery :<\/p>\n<div id=\"attachment_63\" class=\"wp-caption alignnone\" style=\"width: 310px;\">\n<p><a href=\"http:\/\/mikrocontroller.bplaced.net\/wordpress\/wp-content\/uploads\/2013\/02\/motherboard.jpg\"><img loading=\"lazy\" decoding=\"async\" class=\"size-medium wp-image-63 \" style=\"border: 1px solid black;\" title=\"STM32F4-Motherboard\" src=\"http:\/\/mikrocontroller.bplaced.net\/wordpress\/wp-content\/uploads\/2013\/02\/motherboard-300x288.jpg\" alt=\"motherboard\" width=\"300\" height=\"288\" \/><\/a><\/p>\n<p class=\"wp-caption-text\">STM32F4-Motherboard<\/p>\n<\/div>\n<div id=\"attachment_64\" class=\"wp-caption alignnone\" style=\"width: 310px;\">\n<p><a href=\"http:\/\/mikrocontroller.bplaced.net\/wordpress\/wp-content\/uploads\/2013\/02\/motherboard2.jpg\"><img loading=\"lazy\" decoding=\"async\" class=\"size-medium wp-image-64 \" style=\"border: 1px solid black;\" title=\"STM32F4-Motherboard\" src=\"http:\/\/mikrocontroller.bplaced.net\/wordpress\/wp-content\/uploads\/2013\/02\/motherboard2-300x273.jpg\" alt=\"motherboard\" width=\"300\" height=\"273\" \/><\/a><\/p>\n<p class=\"wp-caption-text\">Motherboard mit STM32F4-Discovery<\/p>\n<\/div>\n<p><strong>Das STM32F4-Mother-Board :<\/strong><\/p>\n<p><span style=\"text-decoration: underline;\">Eingabem\u00f6glichkeiten :<\/span><br \/>\n1x Poti<br \/>\n1x Touch\u00a0(am LC-Display) mit Touchcontroller [ADS7843]<\/p>\n<p><span style=\"text-decoration: underline;\">Ausgabem\u00f6glichkeiten :<\/span><br \/>\n1x Grafik-LCD (320\u00d7240 Pixel, 16bit Farbe) [ST7783]<\/p>\n<p><span style=\"text-decoration: underline;\">Sonstiges :<\/span><br \/>\n&#8211; RS232-Schnittstelle (mit Pegelwandler)<br \/>\n&#8211; Ethernet-Schnittstelle (mit Ethernet-Controller DP83848C)<br \/>\n&#8211; CAN-Schnittstelle (mit CAN-Controller TJA1050)<br \/>\n&#8211; SD-Card-Schnittstelle<br \/>\n&#8211; Zwei Buchsenleisten (2x25pol) f\u00fcr das STM32F4-Discovery<\/p>\n<p><span style=\"text-decoration: underline;\">Schaltpl\u00e4ne :<\/span><br \/>\n&#8211; Schaltplan des Motherboards (<a href=\"http:\/\/mikrocontroller.bplaced.net\/wordpress\/wp-content\/uploads\/2013\/02\/STM32F429Discovery_Motherboard_Schematic.pdf\" target=\"_blank\" rel=\"noopener noreferrer\">PDF<\/a>)<br \/>\n&#8211; Schaltplan der LCD Displays (<a href=\"http:\/\/mikrocontroller.bplaced.net\/wordpress\/wp-content\/uploads\/2013\/02\/STM32F429Discovery_Motherboard_LCD_Schematic.pdf\" target=\"_blank\" rel=\"noopener noreferrer\">PDF<\/a>)<\/p>\n<p><strong>Stecker-\u00dcbersicht (belegte Pins) :<\/strong><\/p>\n<pre lang=\"c\" line=\"1\">PA1  - ETH\r\nPA2  - ETH\r\nPA3  - Poti\r\nPA15 - Touch\r\n\r\nPB0  - LCD\r\nPB1  - Touch\r\nPB4  - Touch\r\nPB5  - Touch\r\nPB8  - CAN\r\nPB9  - CAN\r\nPB15 - Touch\r\n\r\nPC0  - SD\r\nPC1  - ETH\r\nPC2  - Touch\r\nPC8  - SD\r\nPC9  - SD\r\nPC10 - SD\/RS232\r\nPC11 - SD\/RS232\r\nPC12 - SD\r\n\r\nPD0  - LCD\r\nPD1  - LCD\r\nPD2  - SD\r\nPD4  - LCD\r\nPD5  - LCD\r\nPD7  - LCD\r\nPD8  - LCD\r\nPD9  - LCD\r\nPD10 - LCD\r\nPD14 - LCD\r\nPD15 - LCD\r\n\r\nPE3  - LCD\r\nPE7  - LCD\r\nPE8  - LCD\r\nPE9  - LCD\r\nPE10 - LCD\r\nPE11 - LCD\r\nPE12 - LCD\r\nPE13 - LCD\r\nPE14 - LCD\r\nPE15 - LCD\r\n<\/pre>\n<hr \/>\n<h3 id=\"comments-title\">17 Antworten auf <em>STM-Motherboard<\/em><\/h3>\n<ol class=\"commentlist\">\n<li id=\"li-comment-74\" class=\"comment even thread-even depth-1\">\n<div id=\"comment-74\">\n<div class=\"comment-author vcard\"><img loading=\"lazy\" decoding=\"async\" class=\"avatar avatar-40 photo\" src=\"http:\/\/1.gravatar.com\/avatar\/98e731edf97b2e2b0c453cbf7d24c648?s=40&amp;d=http%3A%2F%2F1.gravatar.com%2Favatar%2Fad516503a11cd5ca435acc9bb6523536%3Fs%3D40&amp;r=G\" alt=\"\" width=\"40\" height=\"40\" \/><cite class=\"fn\">student<\/cite> <span class=\"says\">sagt:<\/span><\/div>\n<p><!-- .comment-author .vcard --><\/p>\n<div class=\"comment-meta commentmetadata\">29. April 2013 um 14:37<\/div>\n<p><!-- .comment-meta .commentmetadata --><\/p>\n<div class=\"comment-body\">\n<p>Hallo,<\/p>\n<p>woher ist dieses board? bzw. wieviel kostet es?<\/p>\n<\/div>\n<\/div>\n<p><!-- #comment-## --><\/li>\n<li id=\"li-comment-75\" class=\"comment byuser comment-author-admin_ub bypostauthor odd alt thread-odd thread-alt depth-1\">\n<div id=\"comment-75\">\n<div class=\"comment-author vcard\"><img loading=\"lazy\" decoding=\"async\" class=\"avatar avatar-40 photo\" src=\"http:\/\/0.gravatar.com\/avatar\/67426419ead44d5afa132e92685bb460?s=40&amp;d=http%3A%2F%2F0.gravatar.com%2Favatar%2Fad516503a11cd5ca435acc9bb6523536%3Fs%3D40&amp;r=G\" alt=\"\" width=\"40\" height=\"40\" \/><cite class=\"fn\">admin_ub<\/cite> <span class=\"says\">sagt:<\/span><\/div>\n<p><!-- .comment-author .vcard --><\/p>\n<div class=\"comment-meta commentmetadata\">29. April 2013 um 18:01<\/div>\n<p><!-- .comment-meta .commentmetadata --><\/p>\n<div class=\"comment-body\">\n<p>das gab\u2019s mal bei Ebay von einem H\u00e4ndler aus China f\u00fcr 70Dollar (damals 53 EUR)<br \/>\nzieh mal das Bild bei Google in die Bildersuche, damit findest du noch andere H\u00e4ndler die das Ding verkaufen (z.B. bei <a href=\"http:\/\/de.aliexpress.com\/\" rel=\"nofollow\">http:\/\/de.aliexpress.com\/<\/a>)<\/p>\n<\/div>\n<\/div>\n<p><!-- #comment-## --><\/li>\n<li id=\"li-comment-1196\" class=\"comment even thread-even depth-1\">\n<div id=\"comment-1196\">\n<div class=\"comment-author vcard\"><img loading=\"lazy\" decoding=\"async\" class=\"avatar avatar-40 photo\" src=\"http:\/\/0.gravatar.com\/avatar\/a11db80065a91c83c98c910fe2f47b4c?s=40&amp;d=http%3A%2F%2F0.gravatar.com%2Favatar%2Fad516503a11cd5ca435acc9bb6523536%3Fs%3D40&amp;r=G\" alt=\"\" width=\"40\" height=\"40\" \/><cite class=\"fn\"><a class=\"url\" href=\"http:\/\/www.pcpointer.de\/\" rel=\"external nofollow\">TigerClaw_PCPointer<\/a><\/cite> <span class=\"says\">sagt:<\/span><\/div>\n<p><!-- .comment-author .vcard --><\/p>\n<div class=\"comment-meta commentmetadata\">22. Dezember 2013 um 10:26<\/div>\n<p><!-- .comment-meta .commentmetadata --><\/p>\n<div class=\"comment-body\">\n<p>Schau mal bei Farnell (link gel\u00f6scht)<\/p>\n<\/div>\n<\/div>\n<p><!-- #comment-## --><\/li>\n<li id=\"li-comment-2601\" class=\"comment odd alt thread-odd thread-alt depth-1\">\n<div id=\"comment-2601\">\n<div class=\"comment-author vcard\"><img loading=\"lazy\" decoding=\"async\" class=\"avatar avatar-40 photo\" src=\"http:\/\/0.gravatar.com\/avatar\/09fdc4c4d58cdcd74c7c9eccd59325e1?s=40&amp;d=http%3A%2F%2F0.gravatar.com%2Favatar%2Fad516503a11cd5ca435acc9bb6523536%3Fs%3D40&amp;r=G\" alt=\"\" width=\"40\" height=\"40\" \/><cite class=\"fn\"><a class=\"url\" href=\"http:\/\/www.mikrocontroller.net\/articles\/IRMP\" rel=\"external nofollow\">Frank M.<\/a><\/cite> <span class=\"says\">sagt:<\/span><\/div>\n<p><!-- .comment-author .vcard --><\/p>\n<div class=\"comment-meta commentmetadata\">1. Dezember 2014 um 21:39<\/div>\n<p><!-- .comment-meta .commentmetadata --><\/p>\n<div class=\"comment-body\">\n<p>Hallo Uwe,<\/p>\n<p>ich habe mir auch dieses Motherboard bei AliExpress bestellt. Ist vor wenigen Tagen angekommen. Die beiliegende CD hat die Aufschrift 0712. Leider ist der Inhalt komplett auf chinesisch. Kennst Du vielleicht eine Quelle f\u00fcr eine englischsprachige Dokumentation des Boards?<\/p>\n<p>Viele Gr\u00fc\u00dfe,<\/p>\n<p>Frank<\/p>\n<\/div>\n<\/div>\n<p><!-- #comment-## --><\/p>\n<ul class=\"children\">\n<li id=\"li-comment-2611\" class=\"comment byuser comment-author-admin_ub bypostauthor even depth-2\">\n<div id=\"comment-2611\">\n<div class=\"comment-author vcard\"><img loading=\"lazy\" decoding=\"async\" class=\"avatar avatar-40 photo\" src=\"http:\/\/0.gravatar.com\/avatar\/67426419ead44d5afa132e92685bb460?s=40&amp;d=http%3A%2F%2F0.gravatar.com%2Favatar%2Fad516503a11cd5ca435acc9bb6523536%3Fs%3D40&amp;r=G\" alt=\"\" width=\"40\" height=\"40\" \/><cite class=\"fn\">admin_ub<\/cite> <span class=\"says\">sagt:<\/span><\/div>\n<p><!-- .comment-author .vcard --><\/p>\n<div class=\"comment-meta commentmetadata\">2. Dezember 2014 um 18:28<\/div>\n<p><!-- .comment-meta .commentmetadata --><\/p>\n<div class=\"comment-body\">\n<p>nein, ich habe auch nur den Schaltplan\u2026aber mehr brauchst du meiner Meinung nach eh nicht\u2026die Datenbl\u00e4tter aller Bauteile findest du mit den Angaben vom Schaltplan.<\/p>\n<\/div>\n<\/div>\n<p><!-- #comment-## --><\/p>\n<ul class=\"children\">\n<li id=\"li-comment-4492\" class=\"comment odd alt depth-3\">\n<div id=\"comment-4492\">\n<div class=\"comment-author vcard\"><img loading=\"lazy\" decoding=\"async\" class=\"avatar avatar-40 photo\" src=\"http:\/\/0.gravatar.com\/avatar\/e0d6fe76b57df72af3fc300acf637642?s=40&amp;d=http%3A%2F%2F0.gravatar.com%2Favatar%2Fad516503a11cd5ca435acc9bb6523536%3Fs%3D40&amp;r=G\" alt=\"\" width=\"40\" height=\"40\" \/><cite class=\"fn\">Student<\/cite> <span class=\"says\">sagt:<\/span><\/div>\n<p><!-- .comment-author .vcard --><\/p>\n<div class=\"comment-meta commentmetadata\">1. Januar 2016 um 00:15<\/div>\n<p><!-- .comment-meta .commentmetadata --><\/p>\n<div class=\"comment-body\">\n<p>Hallo Uwe<br \/>\nIch habe mir ebenfalls ein solches Board bei AliExpress bestellt.<br \/>\nDa war leider keine CD oder sonstiges dabei. Das Display sieht anders aus und scheint auch kein ST7783 zu kein.<br \/>\nHabe das Display vom Board entfernt, auf der Flexleitung steht einmal TM240320B8NFWGWC und auf der anderen Seite LT911FY2437 YL8833.<br \/>\nDeine LCD Demos f\u00fcr das ST7783 gehen nicht, f\u00fcr das SSD1289 ebenso wenig.<br \/>\nGibt es noch eine M\u00f6glichkeit herauszufinden um welchen Displaytyp es sich handelt, oder kann ich das Board in die Tonne klopfen?<br \/>\nGru\u00df<\/p>\n<\/div>\n<\/div>\n<p><!-- #comment-## --><\/p>\n<ul class=\"children\">\n<li id=\"li-comment-4493\" class=\"comment byuser comment-author-admin_ub bypostauthor even depth-4\">\n<div id=\"comment-4493\">\n<div class=\"comment-author vcard\"><img loading=\"lazy\" decoding=\"async\" class=\"avatar avatar-40 photo\" src=\"http:\/\/0.gravatar.com\/avatar\/67426419ead44d5afa132e92685bb460?s=40&amp;d=http%3A%2F%2F0.gravatar.com%2Favatar%2Fad516503a11cd5ca435acc9bb6523536%3Fs%3D40&amp;r=G\" alt=\"\" width=\"40\" height=\"40\" \/><cite class=\"fn\">admin_ub<\/cite> <span class=\"says\">sagt:<\/span><\/div>\n<p><!-- .comment-author .vcard --><\/p>\n<div class=\"comment-meta commentmetadata\">1. Januar 2016 um 15:43<\/div>\n<p><!-- .comment-meta .commentmetadata --><\/p>\n<div class=\"comment-body\">\n<p>frohes neues,<br \/>\nhat das LCD-Modul einen SD-Kartenslot auf der R\u00fcckseite montiert und ist mit blauem L\u00f6tstoplack ?<br \/>\nfalls ja, k\u00f6nnte es das 3,2Zoll Modul von ZCL sein.<br \/>\nDieses hat einen \u201cILI9341\u2033 als Chip verbaut.<br \/>\nLeider habe ich daf\u00fcr nur einen SPI-Treiber<br \/>\nden m\u00fcsste man auf FSMC umschreiben.<br \/>\nhier der Link den ich gefunden habe :<br \/>\n<a href=\"http:\/\/www.dx.com\/de\/p\/3-2-tft-lcd-touch-screen-module-for-for-stm32f4-discovery-341874#.VoZ-LvnhCUk\" rel=\"nofollow\">http:\/\/www.dx.com\/de\/p\/3-2-tft-lcd-touch-screen-module-for-for-stm32f4-discovery-341874#.VoZ-LvnhCUk<\/a><br \/>\nfalls es das ist, schreib mir ob du die umsetzung SPI-&gt;FSMC selbst hin bekommst<\/p>\n<\/div>\n<\/div>\n<p><!-- #comment-## --><\/p>\n<ul class=\"children\">\n<li id=\"li-comment-4494\" class=\"comment odd alt depth-5\">\n<div id=\"comment-4494\">\n<div class=\"comment-author vcard\"><img loading=\"lazy\" decoding=\"async\" class=\"avatar avatar-40 photo\" src=\"http:\/\/0.gravatar.com\/avatar\/e0d6fe76b57df72af3fc300acf637642?s=40&amp;d=http%3A%2F%2F0.gravatar.com%2Favatar%2Fad516503a11cd5ca435acc9bb6523536%3Fs%3D40&amp;r=G\" alt=\"\" width=\"40\" height=\"40\" \/><cite class=\"fn\">Student<\/cite> <span class=\"says\">sagt:<\/span><\/div>\n<p><!-- .comment-author .vcard --><\/p>\n<div class=\"comment-meta commentmetadata\">1. Januar 2016 um 19:17<\/div>\n<p><!-- .comment-meta .commentmetadata --><\/p>\n<div class=\"comment-body\">\n<p>w\u00fcnsche Dir ebenfalls ein frohes Neues,<br \/>\ndas Display hat keinen SD-Kartenslot und ist definitiv ein 2,4 Zoll Modell.<br \/>\nEs sieht eigentlich fast genauso aus wie auf dem Foto auf Deiner Seite hier ganz oben.<br \/>\nIch habe Dir einmal eine Email mit Foto von meinem zugesendet.<br \/>\nGru\u00df<\/p>\n<\/div>\n<\/div>\n<p><!-- #comment-## --><\/li>\n<\/ul>\n<\/li>\n<li id=\"li-comment-4496\" class=\"comment byuser comment-author-admin_ub bypostauthor even depth-4\">\n<div id=\"comment-4496\">\n<div class=\"comment-author vcard\"><img loading=\"lazy\" decoding=\"async\" class=\"avatar avatar-40 photo\" src=\"http:\/\/0.gravatar.com\/avatar\/67426419ead44d5afa132e92685bb460?s=40&amp;d=http%3A%2F%2F0.gravatar.com%2Favatar%2Fad516503a11cd5ca435acc9bb6523536%3Fs%3D40&amp;r=G\" alt=\"\" width=\"40\" height=\"40\" \/><cite class=\"fn\">admin_ub<\/cite> <span class=\"says\">sagt:<\/span><\/div>\n<p><!-- .comment-author .vcard --><\/p>\n<div class=\"comment-meta commentmetadata\">3. Januar 2016 um 11:21<\/div>\n<p><!-- .comment-meta .commentmetadata --><\/p>\n<div class=\"comment-body\">\n<p>L\u00f6sung :<br \/>\nLCD-Chip ist ein ILI9325.<br \/>\nTreiber gibt es hier :<\/p>\n<p><a href=\"https:\/\/mikrocontroller.bplaced.net\/wordpress\/?page_id=539\">https:\/\/mikrocontroller.bplaced.net\/wordpress\/?page_id=539<\/a><\/p>\n<\/div>\n<\/div>\n<p><!-- #comment-## --><\/li>\n<\/ul>\n<\/li>\n<\/ul>\n<\/li>\n<\/ul>\n<\/li>\n<li id=\"li-comment-4285\" class=\"comment odd alt thread-even depth-1\">\n<div id=\"comment-4285\">\n<div class=\"comment-author vcard\"><img loading=\"lazy\" decoding=\"async\" class=\"avatar avatar-40 photo\" src=\"http:\/\/0.gravatar.com\/avatar\/8ee1edc4df18d1afd12eb0c4c8a55091?s=40&amp;d=http%3A%2F%2F0.gravatar.com%2Favatar%2Fad516503a11cd5ca435acc9bb6523536%3Fs%3D40&amp;r=G\" alt=\"\" width=\"40\" height=\"40\" \/><cite class=\"fn\">Christian Julius<\/cite> <span class=\"says\">sagt:<\/span><\/div>\n<p><!-- .comment-author .vcard --><\/p>\n<div class=\"comment-meta commentmetadata\">31. Oktober 2015 um 13:52<\/div>\n<p><!-- .comment-meta .commentmetadata --><\/p>\n<div class=\"comment-body\">\n<p>Hallo,<br \/>\nkannst Du ein Display empfehlen, welches man an den STMF407 pappen kann (Disco Board), welches deen Grafikspeicher intern hat, also nicht auf den Bus zugreifen muss? Es sollte schon etwas groesser sein. Ich habe nur eines vom Arduino mit dem SPFD5408 Controller und daf\u00fcr finde ich keine Library. Soweit ich das sehe muss es auch an einen Bus angeschlossen werden. Ob es internen Speicher + HW fuer die Ansteueung hat weiss ich nicht.<br \/>\nGruss,<br \/>\nChristian<\/p>\n<\/div>\n<\/div>\n<p><!-- #comment-## --><\/p>\n<ul class=\"children\">\n<li id=\"li-comment-4286\" class=\"comment byuser comment-author-admin_ub bypostauthor even depth-2\">\n<div id=\"comment-4286\">\n<div class=\"comment-author vcard\"><img loading=\"lazy\" decoding=\"async\" class=\"avatar avatar-40 photo\" src=\"http:\/\/0.gravatar.com\/avatar\/67426419ead44d5afa132e92685bb460?s=40&amp;d=http%3A%2F%2F0.gravatar.com%2Favatar%2Fad516503a11cd5ca435acc9bb6523536%3Fs%3D40&amp;r=G\" alt=\"\" width=\"40\" height=\"40\" \/><cite class=\"fn\">admin_ub<\/cite> <span class=\"says\">sagt:<\/span><\/div>\n<p><!-- .comment-author .vcard --><\/p>\n<div class=\"comment-meta commentmetadata\">31. Oktober 2015 um 14:24<\/div>\n<p><!-- .comment-meta .commentmetadata --><\/p>\n<div class=\"comment-body\">\n<p>nimm doch das SPFD5408 (das hat auch Speicher f\u00fcr ein komplettes Bild).<br \/>\nDie Bibliothek kannst du komplett von einem Arduino Beispiel nehmen<br \/>\n(man muss nur die Ausgaberoutinen anpasssen)<br \/>\nDas gr\u00f6\u00dfte Problem wird das verbinden der 13 Leitungen sein.<br \/>\n(aber das hast du mit jedem anderen Display auch)<\/p>\n<\/div>\n<\/div>\n<p><!-- #comment-## --><\/p>\n<ul class=\"children\">\n<li id=\"li-comment-4287\" class=\"comment odd alt depth-3\">\n<div id=\"comment-4287\">\n<div class=\"comment-author vcard\"><img loading=\"lazy\" decoding=\"async\" class=\"avatar avatar-40 photo\" src=\"http:\/\/0.gravatar.com\/avatar\/8ee1edc4df18d1afd12eb0c4c8a55091?s=40&amp;d=http%3A%2F%2F0.gravatar.com%2Favatar%2Fad516503a11cd5ca435acc9bb6523536%3Fs%3D40&amp;r=G\" alt=\"\" width=\"40\" height=\"40\" \/><cite class=\"fn\">Christian Julius<\/cite> <span class=\"says\">sagt:<\/span><\/div>\n<p><!-- .comment-author .vcard --><\/p>\n<div class=\"comment-meta commentmetadata\">31. Oktober 2015 um 15:35<\/div>\n<p><!-- .comment-meta .commentmetadata --><\/p>\n<div class=\"comment-body\">\n<p>Hi,<\/p>\n<p>ich habe mit ein Ili9341 grad bestellt und hoffe mal, dass die SPI gen\u00fcgend schnell \u201ch\u00e4mmert\u201d, dass man damit arbeiten kann. Das mit den 13 Leitungen sehe ich auch so, das 407 Disco hat zwar genug frei aber das d\u00fcrfte ziemlich bescheiden aussehen. Die Umarbeitung der Arduiono Libraries beschr\u00e4nkt sich, so hoffe ich mal auf die \u00c4ndeurung der SetPixel unInitroutine, und ich hoffe mal das hat schon jemand mal gemacht <img decoding=\"async\" class=\"wp-smiley\" src=\"wp-includes\/images\/smilies\/icon_smile.gif\" alt=\":-)\" \/><\/p>\n<\/div>\n<\/div>\n<p><!-- #comment-## --><\/p>\n<ul class=\"children\">\n<li id=\"li-comment-4288\" class=\"comment even depth-4\">\n<div id=\"comment-4288\">\n<div class=\"comment-author vcard\"><img loading=\"lazy\" decoding=\"async\" class=\"avatar avatar-40 photo\" src=\"http:\/\/0.gravatar.com\/avatar\/8ee1edc4df18d1afd12eb0c4c8a55091?s=40&amp;d=http%3A%2F%2F0.gravatar.com%2Favatar%2Fad516503a11cd5ca435acc9bb6523536%3Fs%3D40&amp;r=G\" alt=\"\" width=\"40\" height=\"40\" \/><cite class=\"fn\">Christian Julius<\/cite> <span class=\"says\">sagt:<\/span><\/div>\n<p><!-- .comment-author .vcard --><\/p>\n<div class=\"comment-meta commentmetadata\">31. Oktober 2015 um 15:37<\/div>\n<p><!-- .comment-meta .commentmetadata --><\/p>\n<div class=\"comment-body\">\n<p>\u2026\u2026wobei es nervig sein d\u00fcrfte ein 8 Bit Display Datenwort an Pins auszugeben, die nicht in einem Port liegen und also auch nicht als Ganzes beschrieben werden k\u00f6nnen. Da wird dann wohl alles bitweise zusammengesetzt und das d\u00fcrfte viel Zeit kosten.<\/p>\n<\/div>\n<\/div>\n<p><!-- #comment-## --><\/p>\n<ul class=\"children\">\n<li id=\"li-comment-4289\" class=\"comment byuser comment-author-admin_ub bypostauthor odd alt depth-5\">\n<div id=\"comment-4289\">\n<div class=\"comment-author vcard\"><img loading=\"lazy\" decoding=\"async\" class=\"avatar avatar-40 photo\" src=\"http:\/\/0.gravatar.com\/avatar\/67426419ead44d5afa132e92685bb460?s=40&amp;d=http%3A%2F%2F0.gravatar.com%2Favatar%2Fad516503a11cd5ca435acc9bb6523536%3Fs%3D40&amp;r=G\" alt=\"\" width=\"40\" height=\"40\" \/><cite class=\"fn\">admin_ub<\/cite> <span class=\"says\">sagt:<\/span><\/div>\n<p><!-- .comment-author .vcard --><\/p>\n<div class=\"comment-meta commentmetadata\">31. Oktober 2015 um 16:19<\/div>\n<p><!-- .comment-meta .commentmetadata --><\/p>\n<div class=\"comment-body\">\n<p>1. bei 168MHz spielen 8 If abfragen keine Rolle.<br \/>\n2. beim FMC m\u00fcssen die Bits nicht an einem Port liegen<br \/>\n3. Parallel ist 8mal schneller als seriell<br \/>\n4. das ILI macht bei SPI nur bis 10Mhz mit<br \/>\n&gt;ein CLS dauert also :<br \/>\n100ns * 16 * 320 * 240 = 1,22 sekunden<br \/>\n(parallel w\u00fcrde ich auf &lt; 50ms tippen)<\/p>\n<\/div>\n<\/div>\n<p><!-- #comment-## --><\/li>\n<\/ul>\n<\/li>\n<\/ul>\n<\/li>\n<\/ul>\n<\/li>\n<\/ul>\n<\/li>\n<li id=\"li-comment-4560\" class=\"comment even thread-odd thread-alt depth-1\">\n<div id=\"comment-4560\">\n<div class=\"comment-author vcard\"><img loading=\"lazy\" decoding=\"async\" class=\"avatar avatar-40 photo\" src=\"http:\/\/1.gravatar.com\/avatar\/d032c87fce48fd990050dfa7311a4853?s=40&amp;d=http%3A%2F%2F1.gravatar.com%2Favatar%2Fad516503a11cd5ca435acc9bb6523536%3Fs%3D40&amp;r=G\" alt=\"\" width=\"40\" height=\"40\" \/><cite class=\"fn\">Phil<\/cite> <span class=\"says\">sagt:<\/span><\/div>\n<p><!-- .comment-author .vcard --><\/p>\n<div class=\"comment-meta commentmetadata\">3. Februar 2016 um 09:39<\/div>\n<p><!-- .comment-meta .commentmetadata --><\/p>\n<div class=\"comment-body\">\n<p>Hallo<\/p>\n<p>ich mache gerade meinen Master in Elektrotechnik und schreibe gerade an meiner Studienarbeit.<br \/>\nF\u00fcr mein Projekt verwende ich das \u201cSTM32E407-Board\u201d.<\/p>\n<p>Hierzu habe ich den UDP-Server von hier integriert und zeichne Messungen mit Hilfe dieses Tools \u201cEthernet-Server f\u00fcr das myAVR-MK3-Board\u201d auf.<br \/>\nMeine Frage hierzu w\u00e4re folgende,habe ich die Erlaubnis, dieses Tool und somit auch diese Webseite in meiner Arbeit zu erw\u00e4hnen sowie Screenshots dieses Tools in meinen Bericht einzuf\u00fcgen?<\/p>\n<p>\u00dcber eine positive Antwort w\u00fcrde ich mich freuen.<\/p>\n<p>Viele Gr\u00fc\u00dfen und vielen Dank<br \/>\nPhilipp<\/p>\n<\/div>\n<\/div>\n<p><!-- #comment-## --><\/p>\n<ul class=\"children\">\n<li id=\"li-comment-4564\" class=\"comment byuser comment-author-admin_ub bypostauthor odd alt depth-2\">\n<div id=\"comment-4564\">\n<div class=\"comment-author vcard\"><img loading=\"lazy\" decoding=\"async\" class=\"avatar avatar-40 photo\" src=\"http:\/\/0.gravatar.com\/avatar\/67426419ead44d5afa132e92685bb460?s=40&amp;d=http%3A%2F%2F0.gravatar.com%2Favatar%2Fad516503a11cd5ca435acc9bb6523536%3Fs%3D40&amp;r=G\" alt=\"\" width=\"40\" height=\"40\" \/><cite class=\"fn\">admin_ub<\/cite> <span class=\"says\">sagt:<\/span><\/div>\n<p><!-- .comment-author .vcard --><\/p>\n<div class=\"comment-meta commentmetadata\">6. Februar 2016 um 10:25<\/div>\n<p><!-- .comment-meta .commentmetadata --><\/p>\n<div class=\"comment-body\">\n<p>sollte man eine Studienarbeit nicht selbst schreiben, anstatt zu kopieren ?!?<br \/>\nIch denke nicht das du davon viel lernst, zumindest das PC programm selbst zu schreiben sollte kein gro\u00dfes problem sein.<\/p>\n<\/div>\n<\/div>\n<p><!-- #comment-## --><\/p>\n<ul class=\"children\">\n<li id=\"li-comment-4572\" class=\"comment even depth-3\">\n<div id=\"comment-4572\">\n<div class=\"comment-author vcard\"><img loading=\"lazy\" decoding=\"async\" class=\"avatar avatar-40 photo\" src=\"http:\/\/1.gravatar.com\/avatar\/d032c87fce48fd990050dfa7311a4853?s=40&amp;d=http%3A%2F%2F1.gravatar.com%2Favatar%2Fad516503a11cd5ca435acc9bb6523536%3Fs%3D40&amp;r=G\" alt=\"\" width=\"40\" height=\"40\" \/><cite class=\"fn\">Phil<\/cite> <span class=\"says\">sagt:<\/span><\/div>\n<p><!-- .comment-author .vcard --><\/p>\n<div class=\"comment-meta commentmetadata\">10. Februar 2016 um 09:34<\/div>\n<p><!-- .comment-meta .commentmetadata --><\/p>\n<div class=\"comment-body\">\n<p>Hallo,<\/p>\n<p>das PC-Programm dient f\u00fcr mich nur dazu, um ein paar Messugen\/Daten aufzuzeichnen, so als kleiner Einstieg f\u00fcr das eigentliche Projekt. Bei der Studienarbeit ging es um die Entwicklung und Integration eines Webservers, welchen man von \u00fcberall aufrufen, parametrieren kann und eine komplette Servo-Positionsregelung darauf stattfindet, welche wiederum Daten verarbeitet und abspeichert.<\/p>\n<p>Viele Gr\u00fc\u00dfe<\/p>\n<\/div>\n<\/div>\n<p><!-- #comment-## --><\/li>\n<\/ul>\n<\/li>\n<\/ul>\n<\/li>\n<\/ol>\n","protected":false},"excerpt":{"rendered":"<p>Hier zwei Bilder von dem benutzten Motherboard f\u00fcr das STM32F4-Discovery : STM32F4-Motherboard Motherboard mit STM32F4-Discovery Das STM32F4-Mother-Board : Eingabem\u00f6glichkeiten : 1x Poti 1x Touch\u00a0(am LC-Display) mit Touchcontroller [ADS7843] Ausgabem\u00f6glichkeiten : 1x Grafik-LCD (320\u00d7240 Pixel, 16bit Farbe) [ST7783] Sonstiges : &#8211; &hellip; <a href=\"https:\/\/mikrocontroller.bplaced.net\/wordpress\/?page_id=110\">Weiterlesen <span class=\"meta-nav\">&rarr;<\/span><\/a><\/p>\n","protected":false},"author":1,"featured_media":0,"parent":57,"menu_order":2,"comment_status":"open","ping_status":"closed","template":"","meta":{"footnotes":""},"categories":[128],"tags":[82,7,80],"class_list":["post-110","page","type-page","status-publish","hentry","category-stm32f4","tag-motherboard","tag-stm32f4","tag-stm32f4discovery"],"_links":{"self":[{"href":"https:\/\/mikrocontroller.bplaced.net\/wordpress\/index.php?rest_route=\/wp\/v2\/pages\/110","targetHints":{"allow":["GET"]}}],"collection":[{"href":"https:\/\/mikrocontroller.bplaced.net\/wordpress\/index.php?rest_route=\/wp\/v2\/pages"}],"about":[{"href":"https:\/\/mikrocontroller.bplaced.net\/wordpress\/index.php?rest_route=\/wp\/v2\/types\/page"}],"author":[{"embeddable":true,"href":"https:\/\/mikrocontroller.bplaced.net\/wordpress\/index.php?rest_route=\/wp\/v2\/users\/1"}],"replies":[{"embeddable":true,"href":"https:\/\/mikrocontroller.bplaced.net\/wordpress\/index.php?rest_route=%2Fwp%2Fv2%2Fcomments&post=110"}],"version-history":[{"count":7,"href":"https:\/\/mikrocontroller.bplaced.net\/wordpress\/index.php?rest_route=\/wp\/v2\/pages\/110\/revisions"}],"predecessor-version":[{"id":3151,"href":"https:\/\/mikrocontroller.bplaced.net\/wordpress\/index.php?rest_route=\/wp\/v2\/pages\/110\/revisions\/3151"}],"up":[{"embeddable":true,"href":"https:\/\/mikrocontroller.bplaced.net\/wordpress\/index.php?rest_route=\/wp\/v2\/pages\/57"}],"wp:attachment":[{"href":"https:\/\/mikrocontroller.bplaced.net\/wordpress\/index.php?rest_route=%2Fwp%2Fv2%2Fmedia&parent=110"}],"wp:term":[{"taxonomy":"category","embeddable":true,"href":"https:\/\/mikrocontroller.bplaced.net\/wordpress\/index.php?rest_route=%2Fwp%2Fv2%2Fcategories&post=110"},{"taxonomy":"post_tag","embeddable":true,"href":"https:\/\/mikrocontroller.bplaced.net\/wordpress\/index.php?rest_route=%2Fwp%2Fv2%2Ftags&post=110"}],"curies":[{"name":"wp","href":"https:\/\/api.w.org\/{rel}","templated":true}]}}