{"id":2551,"date":"2018-12-05T21:46:05","date_gmt":"2018-12-05T20:46:05","guid":{"rendered":"http:\/\/mikrocontroller.bplaced.net\/wordpress\/?page_id=2551"},"modified":"2019-05-20T11:23:05","modified_gmt":"2019-05-20T09:23:05","slug":"spendenliste","status":"publish","type":"page","link":"https:\/\/mikrocontroller.bplaced.net\/wordpress\/ueber-mich\/spendenliste\/","title":{"rendered":"Spendenliste"},"content":{"rendered":"<p><div id=\"nav-below\" class=\"navigation\"><div class=\"nav-previous\"><a href=\"https:\/\/mikrocontroller.bplaced.net\/wordpress\/ueber-mich\/kontakt\/\" title=\"Kontakt\"><span class=\"meta-nav\">\u2190<\/span> Kontakt<\/a><\/div><\/div><!-- #nav-below --><div id=\"nav-below\" class=\"navigation\"><div class=\"nav-next\"><a href=\"https:\/\/mikrocontroller.bplaced.net\/wordpress\/einplatinen-computer\/\" title=\"Einplatinen-Computer\">Einplatinen-Computer <span class=\"meta-nav\">&rarr;<\/span><\/a><\/div><\/div><!-- #nav-below --><\/p>\n<p>Wer diesen Blog unterst\u00fctzen m\u00f6chte, kann das \u00fcber PayPal machen. Bitte f\u00fchlt euch nicht verpflichtet etwas zu spenden. Und verbindet damit nicht die Absicht uns, die Blog-Betreiber, Redakteure und Autoren, zu einer T\u00e4tigkeit zu \u201c\u00fcberreden\u201d. Wir betreiben diese Seiten nur als Hobby und werden uns das Recht vorbehalten die Arbeit dazu jeder Zeit zu beenden.<\/p>\n<p>Mit den Spenden k\u00f6nnten wir den <a href=\"http:\/\/www.bplaced.net\/?handler=ext\" target=\"_blank\" rel=\"noopener noreferrer\">Webspace<\/a> mieten (Kosten: \u20ac 3.- pro Monat), um sicher zu stellen, dass der Blog nicht wieder Offline geht.<\/p>\n<form action=\"https:\/\/www.paypal.com\/cgi-bin\/webscr\" method=\"post\" target=\"_new\"><input name=\"cmd\" type=\"hidden\" value=\"_s-xclick\" \/><br \/>\n<input name=\"hosted_button_id\" type=\"hidden\" value=\"4T7U3HK6BBPH4\" \/><br \/>\n<input alt=\"Jetzt einfach, schnell und sicher online bezahlen \u2013 mit PayPal.\" name=\"submit\" src=\"https:\/\/www.paypalobjects.com\/de_DE\/DE\/i\/btn\/btn_donateCC_LG.gif\" type=\"image\" \/><br \/>\n<img loading=\"lazy\" decoding=\"async\" src=\"https:\/\/www.paypalobjects.com\/de_DE\/i\/scr\/pixel.gif\" alt=\"\" width=\"1\" height=\"1\" border=\"0\" \/><\/form>\n<p>Hier vorab schon ein \u201cDanke\u201d f\u00fcr den Spender.<\/p>\n<p><em><strong>Und hier die Liste, welche bereits gespendet haben:<\/strong><\/em><\/p>\n<ul>\n<li><strong>Daniel B.<\/strong>, 19.05.2019, <strong>50,- EUR<\/strong><br \/>\nNachricht: M\u00f6ge die Macht mit Euch sein \ud83d\ude42<\/li>\n<li><strong>Andreas R.<\/strong>, 08.01.2019, <strong>10,- EUR<\/strong><br \/>\nNachricht: Die Seite hat mich inspiriert und motiviert selbst einige Projekte umzusetzen! Vielen Dank! \ud83d\ude42<\/li>\n<li><strong>Burkhard B.<\/strong>, 15.12.2018, <strong>10,- EUR<\/strong><br \/>\nNachricht:\u00a0Vielen Dank f\u00fcr die tolle Seite.<\/li>\n<li><strong>Pavel R.<\/strong>, 04.12.2018, <strong>3,- EUR<\/strong><br \/>\nNachricht: &#8222;<em>Vielen Dank f\u00fcr Ihre Arbeit und Ihren Blog.<\/em>&#8222;<\/li>\n<li><strong>Thomas S.<\/strong>, 04.09.2018, <strong>20,- EUR<\/strong><br \/>\nNachricht: &#8222;<em>gerne trage ich ein wenig dazu bei, den Blog am Leben zu halten.<\/em>&#8222;<\/li>\n<li><strong>Vielleicht bist du der n\u00e4chste Spender?<\/strong><\/li>\n<\/ul>\n<p>An die Spender ein herzliches Dankesch\u00f6n und ganz liebe Gr\u00fcsse vom gesamten Mikrocontroller Team;)<\/p>\n","protected":false},"excerpt":{"rendered":"<p>Wer diesen Blog unterst\u00fctzen m\u00f6chte, kann das \u00fcber PayPal machen. Bitte f\u00fchlt euch nicht verpflichtet etwas zu spenden. Und verbindet damit nicht die Absicht uns, die Blog-Betreiber, Redakteure und Autoren, zu einer T\u00e4tigkeit zu \u201c\u00fcberreden\u201d. Wir betreiben diese Seiten nur &hellip; <a href=\"https:\/\/mikrocontroller.bplaced.net\/wordpress\/ueber-mich\/spendenliste\/\">Weiterlesen <span class=\"meta-nav\">&rarr;<\/span><\/a><\/p>\n","protected":false},"author":1,"featured_media":0,"parent":8,"menu_order":7,"comment_status":"closed","ping_status":"closed","template":"","meta":{"footnotes":""},"categories":[135],"tags":[319],"class_list":["post-2551","page","type-page","status-publish","hentry","category-wordpress","tag-spende"],"_links":{"self":[{"href":"https:\/\/mikrocontroller.bplaced.net\/wordpress\/wp-json\/wp\/v2\/pages\/2551","targetHints":{"allow":["GET"]}}],"collection":[{"href":"https:\/\/mikrocontroller.bplaced.net\/wordpress\/wp-json\/wp\/v2\/pages"}],"about":[{"href":"https:\/\/mikrocontroller.bplaced.net\/wordpress\/wp-json\/wp\/v2\/types\/page"}],"author":[{"embeddable":true,"href":"https:\/\/mikrocontroller.bplaced.net\/wordpress\/wp-json\/wp\/v2\/users\/1"}],"replies":[{"embeddable":true,"href":"https:\/\/mikrocontroller.bplaced.net\/wordpress\/wp-json\/wp\/v2\/comments?post=2551"}],"version-history":[{"count":7,"href":"https:\/\/mikrocontroller.bplaced.net\/wordpress\/wp-json\/wp\/v2\/pages\/2551\/revisions"}],"predecessor-version":[{"id":2601,"href":"https:\/\/mikrocontroller.bplaced.net\/wordpress\/wp-json\/wp\/v2\/pages\/2551\/revisions\/2601"}],"up":[{"embeddable":true,"href":"https:\/\/mikrocontroller.bplaced.net\/wordpress\/wp-json\/wp\/v2\/pages\/8"}],"wp:attachment":[{"href":"https:\/\/mikrocontroller.bplaced.net\/wordpress\/wp-json\/wp\/v2\/media?parent=2551"}],"wp:term":[{"taxonomy":"category","embeddable":true,"href":"https:\/\/mikrocontroller.bplaced.net\/wordpress\/wp-json\/wp\/v2\/categories?post=2551"},{"taxonomy":"post_tag","embeddable":true,"href":"https:\/\/mikrocontroller.bplaced.net\/wordpress\/wp-json\/wp\/v2\/tags?post=2551"}],"curies":[{"name":"wp","href":"https:\/\/api.w.org\/{rel}","templated":true}]}}