{"id":66,"date":"2017-11-13T00:52:40","date_gmt":"2017-11-12T23:52:40","guid":{"rendered":"http:\/\/mikrocontroller.bplaced.net\/wordpress\/?page_id=66"},"modified":"2020-08-16T23:17:18","modified_gmt":"2020-08-16T21:17:18","slug":"stm32f429","status":"publish","type":"page","link":"https:\/\/mikrocontroller.bplaced.net\/wordpress\/stm32f429\/","title":{"rendered":"STM32F429"},"content":{"rendered":"<p><div id=\"nav-below\" class=\"navigation\"><div class=\"nav-previous\"><a href=\"https:\/\/mikrocontroller.bplaced.net\/wordpress\/stm32f4-diy\/fmv_s3a-f407-h-board-version-1-0\/\" title=\"FMV_S3A-F407-H board (Version 1.0)\"><span class=\"meta-nav\">\u2190<\/span> FMV_S3A-F407-H board (Version 1.0)<\/a><\/div><\/div><!-- #nav-below --><div id=\"nav-below\" class=\"navigation\"><div class=\"nav-next\"><a href=\"https:\/\/mikrocontroller.bplaced.net\/wordpress\/stm32f429\/stm32f429-discovery-board\/\" title=\"STM32F429-Discovery-Board\">STM32F429-Discovery-Board <span class=\"meta-nav\">&rarr;<\/span><\/a><\/div><\/div><!-- #nav-below --><br \/>\nDer <strong>STM32F429<\/strong> ist eine ARM-CPU (32bit ARM-Cortex-4) von ST.<\/p>\n<p>Sie besitzt 2MB Flash und 256kByte RAM und l\u00e4uft mit maximal 180 MHz.<\/p>\n<p>Als Evaluation Board gibt es das \u201c<a href=\"http:\/\/www.st.com\/en\/evaluation-tools\/32f429idiscovery.html\" target=\"_blank\" rel=\"noopener noreferrer\"><strong>STM32F429-Discovery<\/strong><\/a>\u201d, das im Moment 30 EUR kostet und eine Programmier\/Debug-Interface schon mit auf der Platine hat.<\/p>\n<p>Auf dem Discovery selbst sind verbaut :<\/p>\n<ul>\n<li>1 STM32F429ZIT6<\/li>\n<li>1 ST-Link\/V2 (Programmier- und Debug-Interface)<\/li>\n<li>2 User-LEDs<\/li>\n<li>1 User-Button<\/li>\n<li>1 Drehraten-Sensor (3 Achs)<\/li>\n<li>1 Mini-USB Anschlu\u00df zum Programmieren\/Debugen<\/li>\n<li>1 Micro-USB-Anschlu\u00df f\u00fcr USB-OTG (z.B. um einen USB-Stick anzuschlie\u00dfen)<\/li>\n<li>1 Grafik-LCD mit 2,4 Zoll und Touch (QVGA 320 x 240 Pixel) mit 262k Farben<\/li>\n<li>1 SD-RAM (64MBit)<\/li>\n<\/ul>\n<p>Das Board besitzt noch zwei 2x32pol Stiftleisten, auf denen fast alle Signale der CPU aufgelegt sind.<\/p>\n<p>Als Entwicklungsumgebung benutze ich die kostenlose CooCox IDE (mit Eclipse Editor) mit der ich bisher sehr zufrieden bin.<\/p>\n<p>Alle Librarys die ich f\u00fcr den STM32F429 hochlade sind nur mit CooCox getestet. Falls also mit einer anderen IDE ein Fehler auftaucht k\u00f6nnt Ihr ja kurz bescheid sagen.<\/p>\n<hr>\n<h3 id=\"comments-title\">9 Antworten auf <em>STM32F429<\/em><\/h3>\n<ol class=\"commentlist\">\n<li id=\"li-comment-1410\" class=\"comment even thread-even depth-1\">\n<div id=\"comment-1410\">\n<div class=\"comment-author vcard\"><img loading=\"lazy\" decoding=\"async\" class=\"avatar avatar-40 photo\" src=\"http:\/\/1.gravatar.com\/avatar\/b894d67379dd0647dd316009f47155d2?s=40&amp;d=http%3A%2F%2F1.gravatar.com%2Favatar%2Fad516503a11cd5ca435acc9bb6523536%3Fs%3D40&amp;r=G\" alt=\"\" width=\"40\" height=\"40\"><cite class=\"fn\">Joerg B.<\/cite> <span class=\"says\">sagt:<\/span><\/div>\n<p><!-- .comment-author .vcard --><\/p>\n<div class=\"comment-meta commentmetadata\">20. Februar 2014 um 23:08<\/div>\n<p><!-- .comment-meta .commentmetadata --><\/p>\n<div class=\"comment-body\">\n<p>ST scheint einen kompletten Umbruch was die Libs angeht zu machen.<br \/>\nSTM32Cube firmware for STM32 F4 series (HAL drivers, USB, Ethernet, File System, \u2026) (UM1730)<br \/>\n<a href=\"http:\/\/www.st.com\/web\/en\/catalog\/tools\/PF259243#\" rel=\"nofollow\">http:\/\/www.st.com\/web\/en\/catalog\/tools\/PF259243#<\/a><\/p>\n<\/div>\n<\/div>\n<p><!-- #comment-## --><\/li>\n<li id=\"li-comment-1755\" class=\"comment odd alt thread-odd thread-alt depth-1\">\n<div id=\"comment-1755\">\n<div class=\"comment-author vcard\"><img loading=\"lazy\" decoding=\"async\" class=\"avatar avatar-40 photo\" src=\"http:\/\/1.gravatar.com\/avatar\/b894d67379dd0647dd316009f47155d2?s=40&amp;d=http%3A%2F%2F1.gravatar.com%2Favatar%2Fad516503a11cd5ca435acc9bb6523536%3Fs%3D40&amp;r=G\" alt=\"\" width=\"40\" height=\"40\"><cite class=\"fn\">Joerg B<\/cite> <span class=\"says\">sagt:<\/span><\/div>\n<p><!-- .comment-author .vcard --><\/p>\n<div class=\"comment-meta commentmetadata\">19. Mai 2014 um 13:07<\/div>\n<p><!-- .comment-meta .commentmetadata --><\/p>\n<div class=\"comment-body\">\n<p>Hallo Uwe,<br \/>\nwie w\u00e4re es wenn du das mal auf Cocoox portierst?<br \/>\nEine gute alternative zu emWin<\/p>\n<p><a href=\"http:\/\/winfred-lu.blogspot.de\/2014\/05\/ugfx-notepad-on-stm32f429i-discovery.html\" rel=\"nofollow\">http:\/\/winfred-lu.blogspot.de\/2014\/05\/ugfx-notepad-on-stm32f429i-discovery.html<\/a><\/p>\n<\/div>\n<\/div>\n<p><!-- #comment-## --><\/li>\n<li id=\"li-comment-1947\" class=\"comment even thread-even depth-1\">\n<div id=\"comment-1947\">\n<div class=\"comment-author vcard\"><img loading=\"lazy\" decoding=\"async\" class=\"avatar avatar-40 photo\" src=\"http:\/\/0.gravatar.com\/avatar\/65e55f17c932839d217da69168640144?s=40&amp;d=http%3A%2F%2F0.gravatar.com%2Favatar%2Fad516503a11cd5ca435acc9bb6523536%3Fs%3D40&amp;r=G\" alt=\"\" width=\"40\" height=\"40\"><cite class=\"fn\">Lohmann<\/cite> <span class=\"says\">sagt:<\/span><\/div>\n<p><!-- .comment-author .vcard --><\/p>\n<div class=\"comment-meta commentmetadata\">18. Juli 2014 um 00:38<\/div>\n<p><!-- .comment-meta .commentmetadata --><\/p>\n<div class=\"comment-body\">\n<p>Ich habe mir das STM32F4Discovery mit dem STM32F429ZIT6 zugelegt<br \/>\naber unter CoIDE ist der STM32F429ZIT6 nicht aufgelistet.<br \/>\nWie kann ich den STM32F429ZIT6 unter CoIDE einbinden ?<\/p>\n<\/div>\n<\/div>\n<p><!-- #comment-## --><\/p>\n<ul class=\"children\">\n<li id=\"li-comment-1948\" class=\"comment byuser comment-author-admin_ub bypostauthor odd alt depth-2\">\n<div id=\"comment-1948\">\n<div class=\"comment-author vcard\"><img loading=\"lazy\" decoding=\"async\" class=\"avatar avatar-40 photo\" src=\"http:\/\/0.gravatar.com\/avatar\/67426419ead44d5afa132e92685bb460?s=40&amp;d=http%3A%2F%2F0.gravatar.com%2Favatar%2Fad516503a11cd5ca435acc9bb6523536%3Fs%3D40&amp;r=G\" alt=\"\" width=\"40\" height=\"40\"><cite class=\"fn\">admin_ub<\/cite> <span class=\"says\">sagt:<\/span><\/div>\n<p><!-- .comment-author .vcard --><\/p>\n<div class=\"comment-meta commentmetadata\">18. Juli 2014 um 08:30<\/div>\n<p><!-- .comment-meta .commentmetadata --><\/p>\n<div class=\"comment-body\">\n<p>wird im Moment nicht direkt unterst\u00fctzt, lie\u00df das mal komplett durch :<br \/>\n<a href=\"index907f.html?page_id=2708\" rel=\"nofollow\">http:\/\/mikrocontroller.bplaced.net\/wordpress\/?page_id=2708<\/a><\/p>\n<\/div>\n<\/div>\n<p><!-- #comment-## --><\/li>\n<\/ul>\n<\/li>\n<li id=\"li-comment-1951\" class=\"comment even thread-odd thread-alt depth-1\">\n<div id=\"comment-1951\">\n<div class=\"comment-author vcard\"><img loading=\"lazy\" decoding=\"async\" class=\"avatar avatar-40 photo\" src=\"http:\/\/0.gravatar.com\/avatar\/65e55f17c932839d217da69168640144?s=40&amp;d=http%3A%2F%2F0.gravatar.com%2Favatar%2Fad516503a11cd5ca435acc9bb6523536%3Fs%3D40&amp;r=G\" alt=\"\" width=\"40\" height=\"40\"><cite class=\"fn\">Lohmann<\/cite> <span class=\"says\">sagt:<\/span><\/div>\n<p><!-- .comment-author .vcard --><\/p>\n<div class=\"comment-meta commentmetadata\">18. Juli 2014 um 17:38<\/div>\n<p><!-- .comment-meta .commentmetadata --><\/p>\n<div class=\"comment-body\">\n<p>Hallo ich habe einen L\u00f6sungsansatz,<br \/>\nes k\u00f6nnen scheinbar alle STM32F40X und STM32F41X<br \/>\nverwendet werden. Es ist dabei aber nur 1MB Flash memory<br \/>\nprogrammierbar. Habe schon den ersten Test (LED Blinken)<br \/>\nmit COIDE (COOCoX und gcc-arm-none-eabi-4_8-2014q2-20140609-win32)<br \/>\ngemacht.<\/p>\n<\/div>\n<\/div>\n<p><!-- #comment-## --><\/li>\n<li id=\"li-comment-2096\" class=\"comment odd alt thread-even depth-1\">\n<div id=\"comment-2096\">\n<div class=\"comment-author vcard\"><img loading=\"lazy\" decoding=\"async\" class=\"avatar avatar-40 photo\" src=\"http:\/\/0.gravatar.com\/avatar\/044708a35f496b1bec16ce6f3379fd18?s=40&amp;d=http%3A%2F%2F0.gravatar.com%2Favatar%2Fad516503a11cd5ca435acc9bb6523536%3Fs%3D40&amp;r=G\" alt=\"\" width=\"40\" height=\"40\"><cite class=\"fn\">Willi F<\/cite> <span class=\"says\">sagt:<\/span><\/div>\n<p><!-- .comment-author .vcard --><\/p>\n<div class=\"comment-meta commentmetadata\">27. August 2014 um 15:34<\/div>\n<p><!-- .comment-meta .commentmetadata --><\/p>\n<div class=\"comment-body\">\n<p>Hallo Uwe,<br \/>\nvielen Dank f\u00fcr deine kleinen Projekte, haben mir sehr geholfen!<\/p>\n<p>Der STM32F429 wird jetzt endlich von CoIDE unterst\u00fctzt, hier kannst du dir ansehen wie man die Liste aktualisiert:<br \/>\n<a href=\"http:\/\/www.coocox.org\/forum\/topic.php?id=4531&amp;page=2\" rel=\"nofollow\">http:\/\/www.coocox.org\/forum\/topic.php?id=4531&amp;page=2<\/a><br \/>\nCoIDE muss danach neugestartet werden!<\/p>\n<p>Leider wird derweil nur der Chip unterst\u00fctzt, das Board noch nicht.<br \/>\nOb man jetzt mehr als 1MB Flash haben kann habe ich leider noch nicht getestet!<\/p>\n<\/div>\n<\/div>\n<p><!-- #comment-## --><\/p>\n<ul class=\"children\">\n<li id=\"li-comment-2102\" class=\"comment byuser comment-author-admin_ub bypostauthor even depth-2\">\n<div id=\"comment-2102\">\n<div class=\"comment-author vcard\"><img loading=\"lazy\" decoding=\"async\" class=\"avatar avatar-40 photo\" src=\"http:\/\/0.gravatar.com\/avatar\/67426419ead44d5afa132e92685bb460?s=40&amp;d=http%3A%2F%2F0.gravatar.com%2Favatar%2Fad516503a11cd5ca435acc9bb6523536%3Fs%3D40&amp;r=G\" alt=\"\" width=\"40\" height=\"40\"><cite class=\"fn\">admin_ub<\/cite> <span class=\"says\">sagt:<\/span><\/div>\n<p><!-- .comment-author .vcard --><\/p>\n<div class=\"comment-meta commentmetadata\">31. August 2014 um 09:46<\/div>\n<p><!-- .comment-meta .commentmetadata --><\/p>\n<div class=\"comment-body\">\n<p>Danke f\u00fcr den Hinweis\u2026das w\u00e4re ein Grund mal wieder ein update zu ziehen.<\/p>\n<\/div>\n<\/div>\n<p><!-- #comment-## --><\/li>\n<\/ul>\n<\/li>\n<li id=\"li-comment-3039\" class=\"comment odd alt thread-odd thread-alt depth-1\">\n<div id=\"comment-3039\">\n<div class=\"comment-author vcard\"><img loading=\"lazy\" decoding=\"async\" class=\"avatar avatar-40 photo\" src=\"http:\/\/0.gravatar.com\/avatar\/62551d2e1768ce40f2d82017b1a6352e?s=40&amp;d=http%3A%2F%2F0.gravatar.com%2Favatar%2Fad516503a11cd5ca435acc9bb6523536%3Fs%3D40&amp;r=G\" alt=\"\" width=\"40\" height=\"40\"><cite class=\"fn\">Daniel<\/cite> <span class=\"says\">sagt:<\/span><\/div>\n<p><!-- .comment-author .vcard --><\/p>\n<div class=\"comment-meta commentmetadata\">25. M\u00e4rz 2015 um 16:05<\/div>\n<p><!-- .comment-meta .commentmetadata --><\/p>\n<div class=\"comment-body\">\n<p>Hallo zusammen,<br \/>\nim Moment spiele ich mit dem STM32F429I-Disco Board. Wie ich den Bootloader Hardware m\u00e4\u00dfig ansteuern und \u00fcber das STM Flashprogramm \u00fcber eine RS232 flashen kann, habt Ihr hier echt gut beschrieben.<br \/>\nMeine Frage, kennt sich hier jemand mit dem Bootloader aus, wenn ich \u00fcber entsprechende Befehle an die Adresse im Speicher (also wo der Bootloader liegt) springen kann und somit mein Programm \u00fcber die Schnittstelle flashen kann? Und dann nat\u00fcrlich auch noch den entsprechenden Befehl um vom Bootloader dann in mein \u201ceigentliches Programm\u201d zu springen (also Softreset)?<br \/>\nOder ist ein Flashen mit Bootloader nur wie hier beschrieben m\u00f6glich?<br \/>\nVielen Dank.<br \/>\nMfg Daniel<\/p>\n<\/div>\n<\/div>\n<p><!-- #comment-## --><\/li>\n<li id=\"li-comment-3155\" class=\"comment even thread-even depth-1\">\n<div id=\"comment-3155\">\n<div class=\"comment-author vcard\"><img loading=\"lazy\" decoding=\"async\" class=\"avatar avatar-40 photo\" src=\"http:\/\/0.gravatar.com\/avatar\/07628be71c3f779cf360105de95981fd?s=40&amp;d=http%3A%2F%2F0.gravatar.com%2Favatar%2Fad516503a11cd5ca435acc9bb6523536%3Fs%3D40&amp;r=G\" alt=\"\" width=\"40\" height=\"40\"><cite class=\"fn\">Alexander<\/cite> <span class=\"says\">sagt:<\/span><\/div>\n<p><!-- .comment-author .vcard --><\/p>\n<div class=\"comment-meta commentmetadata\">23. April 2015 um 12:35<\/div>\n<p><!-- .comment-meta .commentmetadata --><\/p>\n<div class=\"comment-body\">\n<p>How to convert YcbCr (or BT.656) on DCMI of F429 to RGB?<\/p>\n<\/div>\n<\/div>\n<p><!-- #comment-## --><\/li>\n<\/ol>\n","protected":false},"excerpt":{"rendered":"<p>Der STM32F429 ist eine ARM-CPU (32bit ARM-Cortex-4) von ST. Sie besitzt 2MB Flash und 256kByte RAM und l\u00e4uft mit maximal 180 MHz. Als Evaluation Board gibt es das \u201cSTM32F429-Discovery\u201d, das im Moment 30 EUR kostet und eine Programmier\/Debug-Interface schon mit &hellip; <a href=\"https:\/\/mikrocontroller.bplaced.net\/wordpress\/stm32f429\/\">Weiterlesen <span class=\"meta-nav\">&rarr;<\/span><\/a><\/p>\n","protected":false},"author":1,"featured_media":0,"parent":0,"menu_order":5,"comment_status":"open","ping_status":"closed","template":"","meta":{"footnotes":""},"categories":[129],"tags":[102],"class_list":["post-66","page","type-page","status-publish","hentry","category-stm32f429","tag-stm32f429"],"_links":{"self":[{"href":"https:\/\/mikrocontroller.bplaced.net\/wordpress\/wp-json\/wp\/v2\/pages\/66","targetHints":{"allow":["GET"]}}],"collection":[{"href":"https:\/\/mikrocontroller.bplaced.net\/wordpress\/wp-json\/wp\/v2\/pages"}],"about":[{"href":"https:\/\/mikrocontroller.bplaced.net\/wordpress\/wp-json\/wp\/v2\/types\/page"}],"author":[{"embeddable":true,"href":"https:\/\/mikrocontroller.bplaced.net\/wordpress\/wp-json\/wp\/v2\/users\/1"}],"replies":[{"embeddable":true,"href":"https:\/\/mikrocontroller.bplaced.net\/wordpress\/wp-json\/wp\/v2\/comments?post=66"}],"version-history":[{"count":5,"href":"https:\/\/mikrocontroller.bplaced.net\/wordpress\/wp-json\/wp\/v2\/pages\/66\/revisions"}],"predecessor-version":[{"id":3026,"href":"https:\/\/mikrocontroller.bplaced.net\/wordpress\/wp-json\/wp\/v2\/pages\/66\/revisions\/3026"}],"wp:attachment":[{"href":"https:\/\/mikrocontroller.bplaced.net\/wordpress\/wp-json\/wp\/v2\/media?parent=66"}],"wp:term":[{"taxonomy":"category","embeddable":true,"href":"https:\/\/mikrocontroller.bplaced.net\/wordpress\/wp-json\/wp\/v2\/categories?post=66"},{"taxonomy":"post_tag","embeddable":true,"href":"https:\/\/mikrocontroller.bplaced.net\/wordpress\/wp-json\/wp\/v2\/tags?post=66"}],"curies":[{"name":"wp","href":"https:\/\/api.w.org\/{rel}","templated":true}]}}