{"id":7,"date":"2017-11-12T22:19:42","date_gmt":"2017-11-12T21:19:42","guid":{"rendered":"http:\/\/mikrocontroller.bplaced.net\/wordpress\/?page_id=7"},"modified":"2020-08-16T23:08:25","modified_gmt":"2020-08-16T21:08:25","slug":"startseite","status":"publish","type":"page","link":"https:\/\/mikrocontroller.bplaced.net\/wordpress\/","title":{"rendered":"Startseite"},"content":{"rendered":"<p><div id=\"nav-below\" class=\"navigation\"><div class=\"nav-previous\"><a href=\"https:\/\/mikrocontroller.bplaced.net\/wordpress\/one-rom-ein-flexibler-rom-ersatz\/one-rom-sammelbestellung\/\" title=\"One ROM &#8211; Sammelbestellung\"><span class=\"meta-nav\">\u2190<\/span> One ROM &#8211; Sammelbestellung<\/a><\/div><\/div><!-- #nav-below --><div id=\"nav-below\" class=\"navigation\"><div class=\"nav-next\"><a href=\"https:\/\/mikrocontroller.bplaced.net\/wordpress\/startseite\/ein-startseiten-abschnitt\/\" title=\"Historie dieser Website\">Historie dieser Website <span class=\"meta-nav\">&rarr;<\/span><\/a><\/div><\/div><!-- #nav-below --><\/p>\n<p>Willkommen auf&nbsp;<strong>mikrocontroller.bplaced.net<\/strong>, der Website&nbsp; welche urspr\u00fcnglich von meinem Bruder <strong>Uwe<\/strong> betrieben wurde.<\/p>\n<p>Diese Seiten hier sollen Einsteigern in der Welt der Mikroprozessoren das Leben erleichtern und den Umgang mit der Programmiersprache \u201cC\u201d n\u00e4herbringen.<\/p>\n<p>Die Librarys vereinfachen das benutzen der Komponenten einer CPU und man hat so mehr Zeit sein eigentliches Projekt zu realisieren.<\/p>\n<p><span style=\"font-size: 1rem;\">Leider hat er sich dazu entschieden, seinen Blog nicht weiter zu aktualisieren, was dazu f\u00fchrte, dass zun\u00e4chst die Website nicht mehr erreichbar war, und danach der&nbsp;Webspace gel\u00f6scht wurde;(<\/span><\/p>\n<p>Zu meinem bedauern, und wohl auch zum Bedauern seiner Fan-Gemeinde ist damit eine tolle Dokumentation zum Thema <strong>Mikrocontroller STM32<\/strong> verloren gegangen.<\/p>\n<p>Deshalb habe ich mich dazu entschlossen, sein Werk hier wieder online zu stellen.<\/p>\n<p>Eine&nbsp;Historie der neuesten Aktivit\u00e4ten findet ihr <a href=\"http:\/\/mikrocontroller.bplaced.net\/wordpress\/?page_id=11\">hier<\/a>&nbsp;, und die aktuelle Sitemap gibt es <a href=\"http:\/\/mikrocontroller.bplaced.net\/wordpress\/?page_id=1159\">hier<\/a>.<\/p>\n<p><img loading=\"lazy\" decoding=\"async\" class=\"avatar avatar-40 photo\" src=\"http:\/\/2.gravatar.com\/avatar\/b4662dff55739e19800878df88bcd412?s=40&amp;d=mm&amp;r=g\" srcset=\"http:\/\/2.gravatar.com\/avatar\/b4662dff55739e19800878df88bcd412?s=80&amp;d=mm&amp;r=g 2x\" alt=\"\" width=\"40\" height=\"40\"><br \/>\nLG, Manfred<\/p>\n<p>PS: Bitte unterst\u00fctzt mich dabei: <a href=\"http:\/\/mikrocontroller.bplaced.net\/wordpress\/?p=97\">Redakteure und Autoren gesucht<\/a>, und wenn noch etwas hier fehlen sollte, dann tragt es in meiner&nbsp;<a href=\"http:\/\/mikrocontroller.bplaced.net\/wordpress\/?page_id=368\">ToDo Liste<\/a> ein. Danke!<\/p>\n","protected":false},"excerpt":{"rendered":"<p>Willkommen auf&nbsp;mikrocontroller.bplaced.net, der Website&nbsp; welche urspr\u00fcnglich von meinem Bruder Uwe betrieben wurde. Diese Seiten hier sollen Einsteigern in der Welt der Mikroprozessoren das Leben erleichtern und den Umgang mit der Programmiersprache \u201cC\u201d n\u00e4herbringen. Die Librarys vereinfachen das benutzen der Komponenten &hellip; <a href=\"https:\/\/mikrocontroller.bplaced.net\/wordpress\/\">Weiterlesen <span class=\"meta-nav\">&rarr;<\/span><\/a><\/p>\n","protected":false},"author":1,"featured_media":0,"parent":0,"menu_order":1,"comment_status":"closed","ping_status":"closed","template":"page-with-news.php","meta":{"footnotes":""},"categories":[135],"tags":[4],"class_list":["post-7","page","type-page","status-publish","hentry","category-wordpress","tag-wordpress"],"_links":{"self":[{"href":"https:\/\/mikrocontroller.bplaced.net\/wordpress\/wp-json\/wp\/v2\/pages\/7","targetHints":{"allow":["GET"]}}],"collection":[{"href":"https:\/\/mikrocontroller.bplaced.net\/wordpress\/wp-json\/wp\/v2\/pages"}],"about":[{"href":"https:\/\/mikrocontroller.bplaced.net\/wordpress\/wp-json\/wp\/v2\/types\/page"}],"author":[{"embeddable":true,"href":"https:\/\/mikrocontroller.bplaced.net\/wordpress\/wp-json\/wp\/v2\/users\/1"}],"replies":[{"embeddable":true,"href":"https:\/\/mikrocontroller.bplaced.net\/wordpress\/wp-json\/wp\/v2\/comments?post=7"}],"version-history":[{"count":21,"href":"https:\/\/mikrocontroller.bplaced.net\/wordpress\/wp-json\/wp\/v2\/pages\/7\/revisions"}],"predecessor-version":[{"id":3024,"href":"https:\/\/mikrocontroller.bplaced.net\/wordpress\/wp-json\/wp\/v2\/pages\/7\/revisions\/3024"}],"wp:attachment":[{"href":"https:\/\/mikrocontroller.bplaced.net\/wordpress\/wp-json\/wp\/v2\/media?parent=7"}],"wp:term":[{"taxonomy":"category","embeddable":true,"href":"https:\/\/mikrocontroller.bplaced.net\/wordpress\/wp-json\/wp\/v2\/categories?post=7"},{"taxonomy":"post_tag","embeddable":true,"href":"https:\/\/mikrocontroller.bplaced.net\/wordpress\/wp-json\/wp\/v2\/tags?post=7"}],"curies":[{"name":"wp","href":"https:\/\/api.w.org\/{rel}","templated":true}]}}